{"id":51,"date":"2019-09-24T16:18:16","date_gmt":"2019-09-24T14:18:16","guid":{"rendered":"http:\/\/cuernavaca.gob.mx\/contraloria\/?page_id=51"},"modified":"2025-05-16T05:20:25","modified_gmt":"2025-05-16T03:20:25","slug":"direccion-general-de-prevencion-participacion-ciudadana-y-quejas","status":"publish","type":"page","link":"https:\/\/cuernavaca.gob.mx\/contraloria\/?page_id=51","title":{"rendered":"Direcci\u00f3n General de Prevenci\u00f3n Participaci\u00f3n Ciudadana y Quejas."},"content":{"rendered":"\n<p><\/p>\n\n\n\n<p>Tiene como objeto desarrollar con eficiencia, eficacia e\nimparcialidad su atribuci\u00f3n investigadora, derivada de la&nbsp;recepci\u00f3n de\nquejas y denuncias&nbsp;que se presenten en contra de los servidores p\u00fablicos o\nex servidores p\u00fablicos del municipio, as\u00ed como de particulares ligados a estos\nen conductas graves, por la probable comisi\u00f3n de faltas administrativas\nderivadas tanto por incumplimientos a las Leyes que rigen su actuar como\naquellas relacionados a casos de corrupci\u00f3n.&nbsp;<\/p>\n","protected":false},"excerpt":{"rendered":"<div class=\"mh-excerpt\"><p>Tiene como objeto desarrollar con eficiencia, eficacia e imparcialidad su atribuci\u00f3n investigadora, derivada de la&nbsp;recepci\u00f3n de quejas y denuncias&nbsp;que se presenten en contra de los <a class=\"mh-excerpt-more\" href=\"https:\/\/cuernavaca.gob.mx\/contraloria\/?page_id=51\" title=\"Direcci\u00f3n General de Prevenci\u00f3n Participaci\u00f3n Ciudadana y Quejas.\">[&#8230;]<\/a><\/p>\n<\/div>","protected":false},"author":1,"featured_media":0,"parent":0,"menu_order":0,"comment_status":"closed","ping_status":"closed","template":"","meta":{"footnotes":""},"class_list":["post-51","page","type-page","status-publish","hentry"],"jetpack_sharing_enabled":true,"_links":{"self":[{"href":"https:\/\/cuernavaca.gob.mx\/contraloria\/index.php?rest_route=\/wp\/v2\/pages\/51","targetHints":{"allow":["GET"]}}],"collection":[{"href":"https:\/\/cuernavaca.gob.mx\/contraloria\/index.php?rest_route=\/wp\/v2\/pages"}],"about":[{"href":"https:\/\/cuernavaca.gob.mx\/contraloria\/index.php?rest_route=\/wp\/v2\/types\/page"}],"author":[{"embeddable":true,"href":"https:\/\/cuernavaca.gob.mx\/contraloria\/index.php?rest_route=\/wp\/v2\/users\/1"}],"replies":[{"embeddable":true,"href":"https:\/\/cuernavaca.gob.mx\/contraloria\/index.php?rest_route=%2Fwp%2Fv2%2Fcomments&post=51"}],"version-history":[{"count":2,"href":"https:\/\/cuernavaca.gob.mx\/contraloria\/index.php?rest_route=\/wp\/v2\/pages\/51\/revisions"}],"predecessor-version":[{"id":175,"href":"https:\/\/cuernavaca.gob.mx\/contraloria\/index.php?rest_route=\/wp\/v2\/pages\/51\/revisions\/175"}],"wp:attachment":[{"href":"https:\/\/cuernavaca.gob.mx\/contraloria\/index.php?rest_route=%2Fwp%2Fv2%2Fmedia&parent=51"}],"curies":[{"name":"wp","href":"https:\/\/api.w.org\/{rel}","templated":true}]}}