{"id":2141,"date":"2021-02-03T10:12:26","date_gmt":"2021-02-03T16:12:26","guid":{"rendered":"http:\/\/cuernavaca.gob.mx\/dmer\/?page_id=2141"},"modified":"2021-02-11T12:50:26","modified_gmt":"2021-02-11T18:50:26","slug":"37-licitaciones","status":"publish","type":"page","link":"https:\/\/cuernavaca.gob.mx\/dmer\/?page_id=2141","title":{"rendered":"37 &#8211; LICITACIONES"},"content":{"rendered":"\t\t<div data-elementor-type=\"wp-page\" data-elementor-id=\"2141\" class=\"elementor elementor-2141\">\n\t\t\t\t\t\t<div class=\"elementor-inner\">\n\t\t\t\t<div class=\"elementor-section-wrap\">\n\t\t\t\t\t\t\t\t\t<section class=\"elementor-section elementor-top-section elementor-element elementor-element-abcb418 elementor-section-boxed elementor-section-height-default elementor-section-height-default\" data-id=\"abcb418\" data-element_type=\"section\">\n\t\t\t\t\t\t<div class=\"elementor-container elementor-column-gap-default\">\n\t\t\t\t\t\t\t<div class=\"elementor-row\">\n\t\t\t\t\t<div class=\"elementor-column elementor-col-50 elementor-top-column elementor-element elementor-element-86c92a6\" data-id=\"86c92a6\" data-element_type=\"column\">\n\t\t\t<div class=\"elementor-column-wrap elementor-element-populated\">\n\t\t\t\t\t\t\t<div class=\"elementor-widget-wrap\">\n\t\t\t\t\t\t<div class=\"elementor-element elementor-element-dea51b9 elementor-widget elementor-widget-heading\" data-id=\"dea51b9\" data-element_type=\"widget\" data-widget_type=\"heading.default\">\n\t\t\t\t<div class=\"elementor-widget-container\">\n\t\t\t<h2 class=\"elementor-heading-title elementor-size-default\"><b>Sujeto obligado:<\/b><br>Subsecretar\u00eda de Recursos Materiales<\/h2>\t\t<\/div>\n\t\t\t\t<\/div>\n\t\t\t\t\t\t<\/div>\n\t\t\t\t\t<\/div>\n\t\t<\/div>\n\t\t\t\t<div class=\"elementor-column elementor-col-50 elementor-top-column elementor-element elementor-element-7122854\" data-id=\"7122854\" data-element_type=\"column\">\n\t\t\t<div class=\"elementor-column-wrap elementor-element-populated\">\n\t\t\t\t\t\t\t<div class=\"elementor-widget-wrap\">\n\t\t\t\t\t\t<div class=\"elementor-element elementor-element-822e0dd elementor-widget elementor-widget-google_maps\" data-id=\"822e0dd\" data-element_type=\"widget\" data-widget_type=\"google_maps.default\">\n\t\t\t\t<div class=\"elementor-widget-container\">\n\t\t\t\t\t<div class=\"elementor-custom-embed\">\n\t\t\t<iframe frameborder=\"0\" scrolling=\"no\" marginheight=\"0\" marginwidth=\"0\"\n\t\t\t\t\tsrc=\"https:\/\/maps.google.com\/maps?q=tesoreria%20municipal%20cuernavaca&#038;t=m&#038;z=18&#038;output=embed&#038;iwloc=near\"\n\t\t\t\t\ttitle=\"tesoreria municipal cuernavaca\"\n\t\t\t\t\taria-label=\"tesoreria municipal cuernavaca\"\n\t\t\t><\/iframe>\n\t\t<\/div>\n\t\t\t\t<\/div>\n\t\t\t\t<\/div>\n\t\t\t\t\t\t<\/div>\n\t\t\t\t\t<\/div>\n\t\t<\/div>\n\t\t\t\t\t\t\t\t<\/div>\n\t\t\t\t\t<\/div>\n\t\t<\/section>\n\t\t\t\t<section class=\"elementor-section elementor-top-section elementor-element elementor-element-181c4d9 elementor-section-boxed elementor-section-height-default elementor-section-height-default\" data-id=\"181c4d9\" data-element_type=\"section\">\n\t\t\t\t\t\t<div class=\"elementor-container elementor-column-gap-default\">\n\t\t\t\t\t\t\t<div class=\"elementor-row\">\n\t\t\t\t\t<div class=\"elementor-column elementor-col-100 elementor-top-column elementor-element elementor-element-da5a90f\" data-id=\"da5a90f\" data-element_type=\"column\">\n\t\t\t<div class=\"elementor-column-wrap elementor-element-populated\">\n\t\t\t\t\t\t\t<div class=\"elementor-widget-wrap\">\n\t\t\t\t\t\t<div class=\"elementor-element elementor-element-28db9e5 elementor-widget elementor-widget-heading\" data-id=\"28db9e5\" data-element_type=\"widget\" data-widget_type=\"heading.default\">\n\t\t\t\t<div class=\"elementor-widget-container\">\n\t\t\t<h2 class=\"elementor-heading-title elementor-size-default\">Tr\u00e1mites<\/h2>\t\t<\/div>\n\t\t\t\t<\/div>\n\t\t\t\t<div class=\"elementor-element elementor-element-e56e2d3 elementor-icon-list--layout-traditional elementor-list-item-link-full_width elementor-widget elementor-widget-icon-list\" data-id=\"e56e2d3\" data-element_type=\"widget\" data-widget_type=\"icon-list.default\">\n\t\t\t\t<div class=\"elementor-widget-container\">\n\t\t\t\t\t<ul class=\"elementor-icon-list-items\">\n\t\t\t\t\t\t\t<li class=\"elementor-icon-list-item\">\n\t\t\t\t\t\t\t\t\t\t\t<span class=\"elementor-icon-list-icon\">\n\t\t\t\t\t\t\t<i aria-hidden=\"true\" class=\"fas fa-times\"><\/i>\t\t\t\t\t\t<\/span>\n\t\t\t\t\t\t\t\t\t\t<span class=\"elementor-icon-list-text\">Tr\u00e1mite en l\u00ednea<\/span>\n\t\t\t\t\t\t\t\t\t<\/li>\n\t\t\t\t\t\t\t\t<li class=\"elementor-icon-list-item\">\n\t\t\t\t\t\t\t\t\t\t\t<span class=\"elementor-icon-list-icon\">\n\t\t\t\t\t\t\t<i aria-hidden=\"true\" class=\"fas fa-check\"><\/i>\t\t\t\t\t\t<\/span>\n\t\t\t\t\t\t\t\t\t\t<span class=\"elementor-icon-list-text\">Respuesta inmediata<\/span>\n\t\t\t\t\t\t\t\t\t<\/li>\n\t\t\t\t\t\t<\/ul>\n\t\t\t\t<\/div>\n\t\t\t\t<\/div>\n\t\t\t\t<div class=\"elementor-element elementor-element-b6b0d73 elementor-widget elementor-widget-shortcode\" data-id=\"b6b0d73\" data-element_type=\"widget\" data-widget_type=\"shortcode.default\">\n\t\t\t\t<div class=\"elementor-widget-container\">\n\t\t\t\t\t<div class=\"elementor-shortcode\"><div id=\"accordions-2144\" class=\"accordions-2144 accordions\">\r\n                <div id=\"accordions-lazy-2144\" class=\"accordions-lazy\">\r\n                    <\/div>\r\n        <script>\r\n            jQuery(window).load(function() {\r\n                jQuery('#accordions-lazy-2144').fadeOut();\r\n                jQuery('#accordions-2144 .items').fadeIn();\r\n            });\r\n        <\/script><style type='text\/css'>\r\n        @media only screen and (min-width: 1024px) {\r\n            #accordions-2144 {\r\n                width: 100%;\r\n                            }\r\n        }\r\n\r\n        @media only screen and (min-width: 768px) and (max-width: 1023px) {\r\n            #accordions-2144 {\r\n                width: 100%;\r\n                            }\r\n        }\r\n\r\n        @media only screen and (min-width: 0px) and (max-width: 767px) {\r\n            #accordions-2144 {\r\n                width: 100%;\r\n                            }\r\n        }\r\n\r\n        #accordions-2144 .items {\r\n            display: none;\r\n        }\r\n\r\n        #accordions-2144 .accordions-lazy {\r\n            text-align: center;\r\n            position: absolute;\r\n            top: 50%;\r\n            left: 50%;\r\n            transform: translate(-50%, -50%);\r\n        }\r\n\r\n        #accordions-2144 {\r\n            text-align: left;\r\n            background: #ffffff url() repeat scroll 0 0;\r\n            position: relative;\r\n        }\r\n\r\n        #accordions-2144 .accordions-head {\r\n            background: #1f9bc1 none repeat scroll 0 0;\r\n            \r\n                        outline: none;\r\n        }\r\n\r\n        #accordions-2144 .accordions-head-title {\r\n            color: #ffffff;\r\n            font-size: 16px;\r\n                    }\r\n\r\n        #accordions-2144 .accordions-head-title-toggle {\r\n            color: #ffffff;\r\n            font-size: 16px;\r\n                    }\r\n\r\n        #accordions-2144 .accordions-head:hover .accordions-head-title {\r\n            color: #ffffff;\r\n                    }\r\n\r\n        #accordions-2144 .ui-state-active {\r\n            background: #1f9bc1;\r\n            border: none;\r\n        }\r\n\r\n        #accordions-2144 .accordion-content {\r\n            background: #ffffff none repeat scroll 0 0;\r\n            border: none;\r\n        }\r\n\r\n        #accordions-2144 .accordion-icons {\r\n            background: #1f9bc1 none repeat scroll 0 0;\r\n                    }\r\n\r\n        #accordions-2144 .accordions-head:hover .accordion-icons span {\r\n                    }\r\n\r\n            <\/style>\r\n<div class=\"items\">\r\n                        <div post_id=\"2144\" itemcount=\"0\" header_id=\"header-1612368519781\" id=\"header-1612368519781\" style=\"\" class=\"accordions-head head1612368519781 border-none\" toggle-text=\"\" main-text=\"ADQUISICI\u00d3N DE BASES PARA LICITACI\u00d3N\">\r\n                                            <span id=\"accordion-icons-1612368519781\" class=\"accordion-icons\">\r\n                            <span class=\"accordion-icon-active accordion-plus\"><i class=\"fas fa-chevron-up\"><\/i><\/span>\r\n                            <span class=\"accordion-icon-inactive accordion-minus\"><i class=\"fas fa-chevron-right\"><\/i><\/span>\r\n                        <\/span>\r\n                        <span id=\"header-text-1612368519781\" class=\"accordions-head-title\">ADQUISICI\u00d3N DE BASES PARA LICITACI\u00d3N<\/span>\r\n                                    <\/div>\r\n                <div class=\"accordion-content content1612368519781 \">\r\n                    <table cellspacing=\"0\" cellpadding=\"0\">\n<tbody>\n<tr>\n<td colspan=\"4\" valign=\"middle\">\n<p align=\"center\"><span style=\"color: #000000; font-family: Arial; font-size: small;\"><b>Informaci\u00f3n general del Tr\u00e1mite<\/b><\/span><\/p>\n<\/td>\n<\/tr>\n<tr>\n<td colspan=\"4\" valign=\"middle\"><span style=\"color: #0649ff; font-family: Arial; font-size: small;\"><u><b>Descarga la gu\u00eda de tr\u00e1mite.<\/b><\/u><\/span><\/td>\n<\/tr>\n<tr>\n<td colspan=\"4\" valign=\"top\"><span style=\"color: #000000; font-family: Arial; font-size: small;\"><b>Unidad administrativa responsable del tr\u00e1mite: <\/b>Subsecretar\u00eda de Recursos Materiales <\/span><\/td>\n<\/tr>\n<tr>\n<td colspan=\"4\" valign=\"top\"><span style=\"color: #000000; font-family: Arial; font-size: small;\"><b>Horario: <\/b>D\u00edas h\u00e1biles de lunes a viernes 08:00 a 16:00 horas.<\/span><\/td>\n<\/tr>\n<tr>\n<td colspan=\"4\" valign=\"bottom\"><span style=\"color: #000000; font-family: Arial; font-size: small;\"><b>Tel\u00e9fono: <\/b>329 55 00 ext. 5554<\/span><\/td>\n<\/tr>\n<tr>\n<td colspan=\"4\" valign=\"top\"><span style=\"color: #000000; font-family: Arial; font-size: small;\"><b>Medio de presentaci\u00f3n:<span class=\"Apple-converted-space\">\u00a0 <\/span><\/b>Solicitud verbal de bases para licitaci\u00f3n<\/span><\/td>\n<\/tr>\n<tr>\n<td colspan=\"4\" valign=\"top\"><span style=\"color: #000000; font-family: Arial; font-size: small;\"><b>Costo: <\/b>165 UMAS<\/span><\/td>\n<\/tr>\n<tr>\n<td colspan=\"4\" valign=\"top\"><span style=\"color: #000000; font-family: Arial; font-size: small;\"><b>\u00c1rea de pago: <\/b>Cajas de la tesorer\u00eda municipal<\/span><\/td>\n<\/tr>\n<tr>\n<td colspan=\"4\" valign=\"bottom\"><span style=\"color: #000000; font-family: Arial; font-size: small;\"><b>Plazo m\u00e1ximo de resoluci\u00f3n: <\/b>inmediata<\/span><\/td>\n<\/tr>\n<tr>\n<td colspan=\"4\" valign=\"middle\">\n<p align=\"center\"><span style=\"color: #000000; font-family: Arial; font-size: small;\"><b>REQUISITOS<\/b><\/span><\/p>\n<\/td>\n<\/tr>\n<tr>\n<td valign=\"bottom\"><span style=\"color: #000000; font-family: Arial; font-size: small;\"><b>No.<\/b><\/span><\/td>\n<td valign=\"bottom\"><span style=\"color: #000000; font-family: Arial; font-size: small;\"><b>Nombre del requisito<\/b><\/span><\/td>\n<td valign=\"bottom\"><span style=\"color: #000000; font-family: Arial; font-size: small;\"><b>Original<\/b><\/span><\/td>\n<td valign=\"bottom\"><span style=\"color: #000000; font-family: Arial; font-size: small;\"><b>Copia<\/b><\/span><\/td>\n<\/tr>\n<tr>\n<td valign=\"top\"><span style=\"color: #000000; font-family: Arial; font-size: small;\"><b>1<\/b><\/span><\/td>\n<td valign=\"bottom\"><span style=\"color: #000000; font-family: Arial; font-size: small;\">Comprobante de pago de derechos<\/span><\/td>\n<td valign=\"middle\">\n<p align=\"center\"><span style=\"color: #000000; font-family: Arial; font-size: small;\">1<\/span><\/p>\n<\/td>\n<td valign=\"middle\">\n<p align=\"center\"><span style=\"color: #000000; font-family: Arial; font-size: small;\">1<\/span><\/p>\n<\/td>\n<\/tr>\n<tr>\n<td colspan=\"4\" valign=\"top\">\n<p align=\"center\"><span style=\"color: #000000; font-family: Arial; font-size: small;\"><b>QUEJAS<span class=\"Apple-converted-space\">\u00a0 \u00a0 \u00a0 \u00a0 \u00a0 \u00a0 \u00a0<\/span><\/b><\/span><\/p>\n<p align=\"center\"><span style=\"color: #000000; font-family: Arial; font-size: small;\"><b>Contralor\u00eda Municipal del Ayuntamiento de Cuernavaca<\/b><\/span><\/p>\n<p align=\"center\"><span style=\"color: #000000; font-family: Arial; font-size: small;\">Motolin\u00eda No. 2, Col. Centro, C.P. 62000 Cuernavaca, Morelos<\/span><\/p>\n<p align=\"center\"><span style=\"color: #000000; font-family: Arial; font-size: small;\">Tel\u00e9fono 329-5500 ext. 5440 o 5442, o al 070<\/span><\/p>\n<p align=\"center\"><span style=\"color: #000000; font-family: Arial; font-size: small;\">Email: contralor\u00eda@cuernavaca.gob.mx<\/span><\/p>\n<\/td>\n<\/tr>\n<\/tbody>\n<\/table>\n                <\/div>\r\n            <\/div>\r\n    <script>\r\n        jQuery(document).ready(function($) {\r\n            accordions_active_index_2144 = [];\r\n                })\r\n    <\/script>    <script>\r\n        jQuery(document).ready(function($) {\r\n            accordion_2144 = $(\"#accordions-2144 .items\").accordion({\r\n                event: \"click\",\r\n                collapsible: true,\r\n                heightStyle: \"content\",\r\n                animate: (\"linear\", 1000),\r\n                navigation: true,\r\n                active: 999,\r\n                            });\r\n        })\r\n    <\/script>\r\n        <script>\r\n        jQuery(document).ready(function($){\r\n            $( \"#accordions-2144 .items\" ).on( \"accordionactivate\", function( event, ui ) {\r\n                            } );\r\n            if(typeof accordions_active_index_2144 != 'undefined'){\r\n                for(var k in accordions_active_index_2144) {\r\n                    console.log(accordions_active_index_2144[k]);\r\n                    index = accordions_active_index_2144[k];\r\n                    $(\"#accordions-2144 .items\").accordion(\"option\", \"active\", index);\r\n                }\r\n            }\r\n                                            })\r\n    <\/script>\r\n                <\/div><\/div>\n\t\t\t\t<\/div>\n\t\t\t\t<\/div>\n\t\t\t\t\t\t<\/div>\n\t\t\t\t\t<\/div>\n\t\t<\/div>\n\t\t\t\t\t\t\t\t<\/div>\n\t\t\t\t\t<\/div>\n\t\t<\/section>\n\t\t\t\t<section class=\"elementor-section elementor-top-section elementor-element elementor-element-5b2c133 elementor-section-boxed elementor-section-height-default elementor-section-height-default\" data-id=\"5b2c133\" data-element_type=\"section\">\n\t\t\t\t\t\t<div class=\"elementor-container elementor-column-gap-default\">\n\t\t\t\t\t\t\t<div class=\"elementor-row\">\n\t\t\t\t\t<div class=\"elementor-column elementor-col-100 elementor-top-column elementor-element elementor-element-7b9bc65\" data-id=\"7b9bc65\" data-element_type=\"column\">\n\t\t\t<div class=\"elementor-column-wrap elementor-element-populated\">\n\t\t\t\t\t\t\t<div class=\"elementor-widget-wrap\">\n\t\t\t\t\t\t<div class=\"elementor-element elementor-element-4032e81 elementor-hidden-desktop elementor-hidden-tablet elementor-hidden-phone elementor-widget elementor-widget-text-editor\" data-id=\"4032e81\" data-element_type=\"widget\" data-widget_type=\"text-editor.default\">\n\t\t\t\t<div class=\"elementor-widget-container\">\n\t\t\t\t\t\t\t\t<div class=\"elementor-text-editor elementor-clearfix\">\n\t\t\t\t<h2><span style=\"color: #39abce;\">\u00cdndice de tr\u00e1mites<\/span><\/h2><p><span style=\"color: #39abce;\">Adquisici\u00f3n de bases para licitaci\u00f3n<\/span><\/p>\t\t\t\t\t<\/div>\n\t\t\t\t\t\t<\/div>\n\t\t\t\t<\/div>\n\t\t\t\t\t\t<\/div>\n\t\t\t\t\t<\/div>\n\t\t<\/div>\n\t\t\t\t\t\t\t\t<\/div>\n\t\t\t\t\t<\/div>\n\t\t<\/section>\n\t\t\t\t\t\t\t\t\t<\/div>\n\t\t\t<\/div>\n\t\t\t\t\t<\/div>\n\t\t","protected":false},"excerpt":{"rendered":"<p>Sujeto obligado:Subsecretar\u00eda de Recursos Materiales Tr\u00e1mites Tr\u00e1mite en l\u00ednea Respuesta inmediata \u00cdndice de tr\u00e1mites Adquisici\u00f3n de bases para licitaci\u00f3n<\/p>\n","protected":false},"author":6,"featured_media":0,"parent":0,"menu_order":0,"comment_status":"closed","ping_status":"closed","template":"template-full.php","meta":[],"_links":{"self":[{"href":"https:\/\/cuernavaca.gob.mx\/dmer\/index.php?rest_route=\/wp\/v2\/pages\/2141"}],"collection":[{"href":"https:\/\/cuernavaca.gob.mx\/dmer\/index.php?rest_route=\/wp\/v2\/pages"}],"about":[{"href":"https:\/\/cuernavaca.gob.mx\/dmer\/index.php?rest_route=\/wp\/v2\/types\/page"}],"author":[{"embeddable":true,"href":"https:\/\/cuernavaca.gob.mx\/dmer\/index.php?rest_route=\/wp\/v2\/users\/6"}],"replies":[{"embeddable":true,"href":"https:\/\/cuernavaca.gob.mx\/dmer\/index.php?rest_route=%2Fwp%2Fv2%2Fcomments&post=2141"}],"version-history":[{"count":4,"href":"https:\/\/cuernavaca.gob.mx\/dmer\/index.php?rest_route=\/wp\/v2\/pages\/2141\/revisions"}],"predecessor-version":[{"id":2587,"href":"https:\/\/cuernavaca.gob.mx\/dmer\/index.php?rest_route=\/wp\/v2\/pages\/2141\/revisions\/2587"}],"wp:attachment":[{"href":"https:\/\/cuernavaca.gob.mx\/dmer\/index.php?rest_route=%2Fwp%2Fv2%2Fmedia&parent=2141"}],"curies":[{"name":"wp","href":"https:\/\/api.w.org\/{rel}","templated":true}]}}