{"id":7332,"date":"2021-12-27T17:33:10","date_gmt":"2021-12-27T17:33:10","guid":{"rendered":"http:\/\/cuernavaca.gob.mx\/?page_id=7332"},"modified":"2024-03-13T12:40:10","modified_gmt":"2024-03-13T18:40:10","slug":"amatitlan","status":"publish","type":"page","link":"https:\/\/cuernavaca.gob.mx\/?page_id=7332","title":{"rendered":"Amatitl\u00e1n"},"content":{"rendered":"\t\t<div data-elementor-type=\"wp-page\" data-elementor-id=\"7332\" class=\"elementor elementor-7332\">\n\t\t\t\t\t\t\t\t\t<section class=\"elementor-section elementor-top-section elementor-element elementor-element-febd759 elementor-section-boxed elementor-section-height-default elementor-section-height-default\" data-id=\"febd759\" data-element_type=\"section\">\n\t\t\t\t\t\t<div class=\"elementor-container elementor-column-gap-default\">\n\t\t\t\t\t<div class=\"elementor-column elementor-col-100 elementor-top-column elementor-element elementor-element-40649c5\" data-id=\"40649c5\" data-element_type=\"column\">\n\t\t\t<div class=\"elementor-widget-wrap elementor-element-populated\">\n\t\t\t\t\t\t\t\t<section class=\"elementor-section elementor-inner-section elementor-element elementor-element-0883dd6 elementor-section-boxed elementor-section-height-default elementor-section-height-default\" data-id=\"0883dd6\" data-element_type=\"section\">\n\t\t\t\t\t\t<div class=\"elementor-container elementor-column-gap-default\">\n\t\t\t\t\t<div class=\"elementor-column elementor-col-50 elementor-inner-column elementor-element elementor-element-8cf2cf8\" data-id=\"8cf2cf8\" data-element_type=\"column\">\n\t\t\t<div class=\"elementor-widget-wrap elementor-element-populated\">\n\t\t\t\t\t\t\t\t<div class=\"elementor-element elementor-element-a5fcf0a elementor-widget elementor-widget-heading\" data-id=\"a5fcf0a\" data-element_type=\"widget\" data-widget_type=\"heading.default\">\n\t\t\t\t<div class=\"elementor-widget-container\">\n\t\t\t<style>\/*! elementor - v3.6.4 - 13-04-2022 *\/\n.elementor-heading-title{padding:0;margin:0;line-height:1}.elementor-widget-heading .elementor-heading-title[class*=elementor-size-]>a{color:inherit;font-size:inherit;line-height:inherit}.elementor-widget-heading .elementor-heading-title.elementor-size-small{font-size:15px}.elementor-widget-heading .elementor-heading-title.elementor-size-medium{font-size:19px}.elementor-widget-heading .elementor-heading-title.elementor-size-large{font-size:29px}.elementor-widget-heading .elementor-heading-title.elementor-size-xl{font-size:39px}.elementor-widget-heading .elementor-heading-title.elementor-size-xxl{font-size:59px}<\/style><h1 class=\"elementor-heading-title elementor-size-default\">Amatitl\u00e1n<\/h1>\t\t<\/div>\n\t\t\t\t<\/div>\n\t\t\t\t<div class=\"elementor-element elementor-element-8d2f04d elementor-widget elementor-widget-text-editor\" data-id=\"8d2f04d\" data-element_type=\"widget\" data-widget_type=\"text-editor.default\">\n\t\t\t\t<div class=\"elementor-widget-container\">\n\t\t\t<style>\/*! elementor - v3.6.4 - 13-04-2022 *\/\n.elementor-widget-text-editor.elementor-drop-cap-view-stacked .elementor-drop-cap{background-color:#818a91;color:#fff}.elementor-widget-text-editor.elementor-drop-cap-view-framed .elementor-drop-cap{color:#818a91;border:3px solid;background-color:transparent}.elementor-widget-text-editor:not(.elementor-drop-cap-view-default) .elementor-drop-cap{margin-top:8px}.elementor-widget-text-editor:not(.elementor-drop-cap-view-default) .elementor-drop-cap-letter{width:1em;height:1em}.elementor-widget-text-editor .elementor-drop-cap{float:left;text-align:center;line-height:1;font-size:50px}.elementor-widget-text-editor .elementor-drop-cap-letter{display:inline-block}<\/style>\t\t\t\t<p>Su nombre de origen n\u00e1huatl significa\u00a0\u201cLugar donde abundan los amates\u201d Por su inigualable clima, tierra y agua este sitio fue elegido por Hern\u00e1n Cort\u00e9s para edificar una de las primeras haciendas azucareras de la \u00e9poca colonial.<\/p><p>\u00a0<\/p>\t\t\t\t\t\t<\/div>\n\t\t\t\t<\/div>\n\t\t\t\t\t<\/div>\n\t\t<\/div>\n\t\t\t\t<div class=\"elementor-column elementor-col-50 elementor-inner-column elementor-element elementor-element-6b6cf7d\" data-id=\"6b6cf7d\" data-element_type=\"column\">\n\t\t\t<div class=\"elementor-widget-wrap elementor-element-populated\">\n\t\t\t\t\t\t\t\t<div class=\"elementor-element elementor-element-b0395b3 elementor-widget elementor-widget-image\" data-id=\"b0395b3\" data-element_type=\"widget\" data-widget_type=\"image.default\">\n\t\t\t\t<div class=\"elementor-widget-container\">\n\t\t\t<style>\/*! elementor - v3.6.4 - 13-04-2022 *\/\n.elementor-widget-image{text-align:center}.elementor-widget-image a{display:inline-block}.elementor-widget-image a img[src$=\".svg\"]{width:48px}.elementor-widget-image img{vertical-align:middle;display:inline-block}<\/style>\t\t\t\t\t\t\t\t\t\t\t\t<img width=\"801\" height=\"800\" src=\"https:\/\/cuernavaca.gob.mx\/wp-content\/uploads\/2022\/06\/Amatitla\u0301n.jpg\" class=\"attachment-large size-large\" alt=\"\" loading=\"lazy\" srcset=\"https:\/\/cuernavaca.gob.mx\/wp-content\/uploads\/2022\/06\/Amatitla\u0301n.jpg 801w, https:\/\/cuernavaca.gob.mx\/wp-content\/uploads\/2022\/06\/Amatitla\u0301n-300x300.jpg 300w, https:\/\/cuernavaca.gob.mx\/wp-content\/uploads\/2022\/06\/Amatitla\u0301n-150x150.jpg 150w, https:\/\/cuernavaca.gob.mx\/wp-content\/uploads\/2022\/06\/Amatitla\u0301n-768x767.jpg 768w, https:\/\/cuernavaca.gob.mx\/wp-content\/uploads\/2022\/06\/Amatitla\u0301n-600x600.jpg 600w, https:\/\/cuernavaca.gob.mx\/wp-content\/uploads\/2022\/06\/Amatitla\u0301n-560x560.jpg 560w\" sizes=\"(max-width: 801px) 100vw, 801px\" \/>\t\t\t\t\t\t\t\t\t\t\t\t\t\t\t<\/div>\n\t\t\t\t<\/div>\n\t\t\t\t\t<\/div>\n\t\t<\/div>\n\t\t\t\t\t\t\t<\/div>\n\t\t<\/section>\n\t\t\t\t\t<\/div>\n\t\t<\/div>\n\t\t\t\t\t\t\t<\/div>\n\t\t<\/section>\n\t\t\t\t<section class=\"elementor-section elementor-top-section elementor-element elementor-element-13d4834 elementor-section-boxed elementor-section-height-default elementor-section-height-default\" data-id=\"13d4834\" data-element_type=\"section\">\n\t\t\t\t\t\t<div class=\"elementor-container elementor-column-gap-default\">\n\t\t\t\t\t<div class=\"elementor-column elementor-col-100 elementor-top-column elementor-element elementor-element-3fa83fe\" data-id=\"3fa83fe\" data-element_type=\"column\">\n\t\t\t<div class=\"elementor-widget-wrap elementor-element-populated\">\n\t\t\t\t\t\t\t\t<div class=\"elementor-element elementor-element-5cad5ce elementor-widget elementor-widget-html\" data-id=\"5cad5ce\" data-element_type=\"widget\" data-widget_type=\"html.default\">\n\t\t\t\t<div class=\"elementor-widget-container\">\n\t\t\t<iframe src=\"https:\/\/www.google.com\/maps\/embed?pb=!1m18!1m12!1m3!1d7548.3581227833165!2d-99.23214132543556!3d18.92346674870229!2m3!1f0!2f0!3f0!3m2!1i1024!2i768!4f13.1!3m3!1m2!1s0x85cddfb1ec373421%3A0xbc8fb3dbd68fff0b!2sAmatitl%C3%A1n%2C%20Cuernavaca%2C%20Mor.!5e0!3m2!1ses-419!2smx!4v1640626441756!5m2!1ses-419!2smx\" width=\"600\" height=\"450\" style=\"border:0;\" allowfullscreen=\"\" loading=\"lazy\"><\/iframe>\t\t<\/div>\n\t\t\t\t<\/div>\n\t\t\t\t\t<\/div>\n\t\t<\/div>\n\t\t\t\t\t\t\t<\/div>\n\t\t<\/section>\n\t\t\t\t\t\t\t<\/div>\n\t\t","protected":false},"excerpt":{"rendered":"<p>Amatitl\u00e1n Su nombre de origen n\u00e1huatl significa\u00a0\u201cLugar donde abundan los amates\u201d Por su inigualable clima, tierra y agua este sitio fue elegido por Hern\u00e1n Cort\u00e9s para edificar una de las primeras haciendas azucareras de la \u00e9poca colonial. \u00a0<\/p>\n","protected":false},"author":1,"featured_media":0,"parent":0,"menu_order":0,"comment_status":"closed","ping_status":"closed","template":"","meta":[],"aioseo_notices":[],"_links":{"self":[{"href":"https:\/\/cuernavaca.gob.mx\/index.php?rest_route=\/wp\/v2\/pages\/7332"}],"collection":[{"href":"https:\/\/cuernavaca.gob.mx\/index.php?rest_route=\/wp\/v2\/pages"}],"about":[{"href":"https:\/\/cuernavaca.gob.mx\/index.php?rest_route=\/wp\/v2\/types\/page"}],"author":[{"embeddable":true,"href":"https:\/\/cuernavaca.gob.mx\/index.php?rest_route=\/wp\/v2\/users\/1"}],"replies":[{"embeddable":true,"href":"https:\/\/cuernavaca.gob.mx\/index.php?rest_route=%2Fwp%2Fv2%2Fcomments&post=7332"}],"version-history":[{"count":10,"href":"https:\/\/cuernavaca.gob.mx\/index.php?rest_route=\/wp\/v2\/pages\/7332\/revisions"}],"predecessor-version":[{"id":13191,"href":"https:\/\/cuernavaca.gob.mx\/index.php?rest_route=\/wp\/v2\/pages\/7332\/revisions\/13191"}],"wp:attachment":[{"href":"https:\/\/cuernavaca.gob.mx\/index.php?rest_route=%2Fwp%2Fv2%2Fmedia&parent=7332"}],"curies":[{"name":"wp","href":"https:\/\/api.w.org\/{rel}","templated":true}]}}

Amatitlán

<div data-elementor-type="wp-page" data-elementor-id="7332" class="elementor elementor-7332">
									<section class="elementor-section elementor-top-section elementor-element elementor-element-febd759 elementor-section-boxed elementor-section-height-default elementor-section-height-default" data-id="febd759" data-element_type="section">
						<div class="elementor-container elementor-column-gap-default">
					<div class="elementor-column elementor-col-100 elementor-top-column elementor-element elementor-element-40649c5" data-id="40649c5" data-element_type="column">
			<div class="elementor-widget-wrap elementor-element-populated">
								<section class="elementor-section elementor-inner-section elementor-element elementor-element-0883dd6 elementor-section-boxed elementor-section-height-default elementor-section-height-default" data-id="0883dd6" data-element_type="section">
						<div class="elementor-container elementor-column-gap-default">
					<div class="elementor-column elementor-col-50 elementor-inner-column elementor-element elementor-element-8cf2cf8" data-id="8cf2cf8" data-element_type="column">
			<div class="elementor-widget-wrap elementor-element-populated">
								<div class="elementor-element elementor-element-a5fcf0a elementor-widget elementor-widget-heading" data-id="a5fcf0a" data-element_type="widget" data-widget_type="heading.default">
				<div class="elementor-widget-container">
			<style>/*! elementor - v3.6.4 - 13-04-2022 */
.elementor-heading-title{padding:0;margin:0;line-height:1}.elementor-widget-heading .elementor-heading-title[class*=elementor-size-]>a{color:inherit;font-size:inherit;line-height:inherit}.elementor-widget-heading .elementor-heading-title.elementor-size-small{font-size:15px}.elementor-widget-heading .elementor-heading-title.elementor-size-medium{font-size:19px}.elementor-widget-heading .elementor-heading-title.elementor-size-large{font-size:29px}.elementor-widget-heading .elementor-heading-title.elementor-size-xl{font-size:39px}.elementor-widget-heading .elementor-heading-title.elementor-size-xxl{font-size:59px}</style><h1 class="elementor-heading-title elementor-size-default">Amatitlán</h1>		</div>
				</div>
				<div class="elementor-element elementor-element-8d2f04d elementor-widget elementor-widget-text-editor" data-id="8d2f04d" data-element_type="widget" data-widget_type="text-editor.default">
				<div class="elementor-widget-container">
			<style>/*! elementor - v3.6.4 - 13-04-2022 */
.elementor-widget-text-editor.elementor-drop-cap-view-stacked .elementor-drop-cap{background-color:#818a91;color:#fff}.elementor-widget-text-editor.elementor-drop-cap-view-framed .elementor-drop-cap{color:#818a91;border:3px solid;background-color:transparent}.elementor-widget-text-editor:not(.elementor-drop-cap-view-default) .elementor-drop-cap{margin-top:8px}.elementor-widget-text-editor:not(.elementor-drop-cap-view-default) .elementor-drop-cap-letter{width:1em;height:1em}.elementor-widget-text-editor .elementor-drop-cap{float:left;text-align:center;line-height:1;font-size:50px}.elementor-widget-text-editor .elementor-drop-cap-letter{display:inline-block}</style>				<p>Su nombre de origen náhuatl significa “Lugar donde abundan los amates” Por su inigualable clima, tierra y agua este sitio fue elegido por Hernán Cortés para edificar una de las primeras haciendas azucareras de la época colonial.</p><p> </p>						</div>
				</div>
					</div>
		</div>
				<div class="elementor-column elementor-col-50 elementor-inner-column elementor-element elementor-element-6b6cf7d" data-id="6b6cf7d" data-element_type="column">
			<div class="elementor-widget-wrap elementor-element-populated">
								<div class="elementor-element elementor-element-b0395b3 elementor-widget elementor-widget-image" data-id="b0395b3" data-element_type="widget" data-widget_type="image.default">
				<div class="elementor-widget-container">
			<style>/*! elementor - v3.6.4 - 13-04-2022 */
.elementor-widget-image{text-align:center}.elementor-widget-image a{display:inline-block}.elementor-widget-image a img[src$=".svg"]{width:48px}.elementor-widget-image img{vertical-align:middle;display:inline-block}</style>												<img width="801" height="800" src="https://cuernavaca.gob.mx/wp-content/uploads/2022/06/Amatitlán.jpg" class="attachment-large size-large" alt="" loading="lazy" srcset="https://cuernavaca.gob.mx/wp-content/uploads/2022/06/Amatitlán.jpg 801w, https://cuernavaca.gob.mx/wp-content/uploads/2022/06/Amatitlán-300x300.jpg 300w, https://cuernavaca.gob.mx/wp-content/uploads/2022/06/Amatitlán-150x150.jpg 150w, https://cuernavaca.gob.mx/wp-content/uploads/2022/06/Amatitlán-768x767.jpg 768w, https://cuernavaca.gob.mx/wp-content/uploads/2022/06/Amatitlán-600x600.jpg 600w, https://cuernavaca.gob.mx/wp-content/uploads/2022/06/Amatitlán-560x560.jpg 560w" sizes="(max-width: 801px) 100vw, 801px" />															</div>
				</div>
					</div>
		</div>
							</div>
		</section>
					</div>
		</div>
							</div>
		</section>
				<section class="elementor-section elementor-top-section elementor-element elementor-element-13d4834 elementor-section-boxed elementor-section-height-default elementor-section-height-default" data-id="13d4834" data-element_type="section">
						<div class="elementor-container elementor-column-gap-default">
					<div class="elementor-column elementor-col-100 elementor-top-column elementor-element elementor-element-3fa83fe" data-id="3fa83fe" data-element_type="column">
			<div class="elementor-widget-wrap elementor-element-populated">
								<div class="elementor-element elementor-element-5cad5ce elementor-widget elementor-widget-html" data-id="5cad5ce" data-element_type="widget" data-widget_type="html.default">
				<div class="elementor-widget-container">
			<iframe src="https://www.google.com/maps/embed?pb=!1m18!1m12!1m3!1d7548.3581227833165!2d-99.23214132543556!3d18.92346674870229!2m3!1f0!2f0!3f0!3m2!1i1024!2i768!4f13.1!3m3!1m2!1s0x85cddfb1ec373421%3A0xbc8fb3dbd68fff0b!2sAmatitl%C3%A1n%2C%20Cuernavaca%2C%20Mor.!5e0!3m2!1ses-419!2smx!4v1640626441756!5m2!1ses-419!2smx" width="600" height="450" style="border:0;" allowfullscreen="" loading="lazy"></iframe>		</div>
				</div>
					</div>
		</div>
							</div>
		</section>
							</div>

<p>Amatitlán Su nombre de origen náhuatl significa “Lugar donde abundan los amates” Por su inigualable clima, tierra y agua este sitio fue elegido por Hernán Cortés para edificar una de las primeras haciendas azucareras de la época colonial.  </p>
